hat is 0 (base 12) in base 14?
0
-101 (base 6) to base 12
-31
What is -3 (base 10) in base 15?
-3
50 (base 15) to base 5
300
-121 (base 4) to base 3
-221
Convert 46 (base 10) to base 2.
101110
-a (base 11) to base 16
-a
What is -114 (base 5) in base 16?
-22
What is 133 (base 7) in base 11?
67
Convert 17 (base 8) to base 5.
30
What is 4 (base 11) in base 6?
4
-14 (base 13) to base 9
-18
14 (base 10) to base 7
20
Convert -56 (base 12) to base 15.
-46
Convert -300 (base 9) to base 3.
-100000
What is 3 (base 13) in base 11?
3
What is 8 (base 15) in base 6?
12
-502 (base 7) to base 3
-100011
What is 1 (base 6) in base 12?
1
What is 22 (base 9) in base 6?
32
What is 100012 (base 3) in base 16?
f8
Convert -52 (base 8) to base 2.
-101010
32 (base 4) to base 2
1110
Convert 1122 (base 3) to base 16.
2c
-211 (base 4) to base 16
-25
56 (base 10) to base 4
320
What is 60 (base 9) in base 14?
3c
What is 0 (base 11) in base 9?
0
1 (base 2) to base 8
1
Convert 4 (base 5) to base 8.
4
Convert -1 (base 14) to base 6.
-1
-2 (base 13) to base 8
-2
What is -87 (base 9) in base 11?
-72
What is 0 (base 14) in base 6?
0
What is 48 (base 14) in base 12?
54
What is -2 (base 11) in base 2?
-10
11001 (base 2) to base 5
100
Convert 1000 (base 2) to base 13.
8
-4 (base 13) to base 16
-4
Convert -11 (base 2) to base 6.
-3
Convert -45 (base 13) to base 5.
-212
What is 137 (base 10) in base 7?
254
0 (base 7) to base 2
0
What is -12 (base 4) in base 14?
-6
1202 (base 3) to base 7
65
What is -7 (base 12) in base 8?
-7
What is 31 (base 15) in base 13?
37
23 (base 4) to base 12
b
Convert -177 (base 10) to base 3.
-20120
Convert 0 (base 2) to base 8.
0
What is -30 (base 15) in base 7?
-63
What is -1 (base 2) in base 9?
-1
201 (base 3) to base 8
23
Convert -100 (base 3) to base 8.
-11
5 (base 8) to base 12
5
What is 0 (base 5) in base 15?
0
-6 (base 10) to base 15
-6
f (base 16) to base 15
10
Convert -114 (base 5) to base 12.
-2a
Convert 3 (base 15) to base 4.
3
What is 229 (base 10) in base 7?
445
2 (base 14) to base 15
2
-2 (base 16) to base 15
-2
What is 12 (base 15) in base 7?
23
Convert -3 (base 5) to base 3.
-10
Convert 100 (base 8) to base 5.
224
What is 0 (base 9) in base 13?
0
4 (base 6) to base 13
4
Convert a6 (base 15) to base 3.
12210
What is 138 (base 9) in base 4?
1310
-205 (base 8) to base 15
-8d
What is -14 (base 5) in base 13?
-9
-74 (base 8) to base 16
-3c
Convert -2 (base 11) to base 5.
-2
What is 5b (base 15) in base 9?
105
What is 52 (base 12) in base 14?
46
What is 110011 (base 2) in base 13?
3c
3 (base 14) to base 11
3
Convert 103 (base 4) to base 11.
18
27 (base 9) to base 3
221
What is -137 (base 9) in base 3?
-11021
-2 (base 4) to base 6
-2
Convert -4 (base 8) to base 13.
-4
3 (base 9) to base 15
3
Convert 33 (base 4) to base 16.
f
Convert -246 (base 9) to base 6.
-540
120 (base 11) to base 6
355
2 (base 13) to base 2
10
Convert 16 (base 15) to base 2.
10101
What is 61 (base 15) in base 8?
133
5 (base 16) to base 4
11
What is 204 (base 6) in base 4?
1030
Convert -9 (base 11) to base 2.
-1001
What is -6 (base 16) in base 6?
-10
-70 (base 13) to base 7
-160
Convert -db (base 15) to base 14.
-10a
Convert 1 (base 10) to base 5.
1
What is 22 (base 8) in base 7?
24
Convert -2a (base 12) to base 3.
-1021
Convert 0 (base 5) to base 2.
0
12 (base 9) to base 10
11
Convert 28 (base 9) to base 10.
26
Convert -15 (base 6) to base 15.
-b
What is 122 (base 7) in base 3?
2102
Convert 89 (base 15) to base 2.
10000001
Convert 1c (base 16) to base 8.
34
Convert 6 (base 10) to base 13.
6
What is -13 (base 14) in base 13?
-14
Convert -111 (base 3) to base 14.
-d
What is -16 (base 12) in base 2?
-10010
What is 301 (base 5) in base 16?
4c
185 (base 10) to base 7
353
Convert 36 (base 10) to base 16.
24
What is 5 (base 6) in base 11?
5
Convert -32 (base 7) to base 6.
-35
What is -510 (base 8) in base 4?
-11020
Convert 254 (base 7) to base 2.
10001001
What is 11111 (base 2) in base 8?
37
-5 (base 6) to base 4
-11
What is 137 (base 9) in base 13?
8b
What is -12 (base 14) in base 8?
-20
Convert -222 (base 3) to base 9.
-28
Convert 67 (base 8) to base 9.
61
-15 (base 14) to base 10
-19
What is -1 (base 6) in base 5?
-1
What is 100 (base 2) in base 16?
4
Convert 5 (base 6) to base 11.
5
b2 (base 12) to base 5
1014
2 (base 12) to base 15
2
-52 (base 8) to base 10
-42
135 (base 10) to base 7
252
-51 (base 7) to base 5
-121
Convert -20 (base 12) to base 13.
-1b
3 (base 13) to base 3
10
-205 (base 6) to base 10
-77
What is 23 (base 9) in base 3?
210
4c (base 15) to base 9
80
What is -21 (base 4) in base 8?
-11
Convert -20 (base 4) to base 6.
-12
What is -a (base 12) in base 14?
-a
-b (base 16) to base 13
-b
-5c (base 16) to base 3
-10102
-7a (base 13) to base 15
-6b
What is -55 (base 8) in base 13?
-36
Convert -3 (base 16) to base 15.
-3
2 (base 8) to base 10
2
11 (base 2) to base 15
3
What is 100001 (base 3) in base 14?
136
Convert 12 (base 13) to base 5.
30
Convert 10 (base 3) to base 8.
3
Convert aa (base 12) to base 6.
334
-2b (base 12) to base 4
-203
6 (base 8) to base 15
6
Convert -3 (base 15) to base 4.
-3
What is 0 (base 5) in base 7?
0
What is 1 (base 15) in base 14?
1
What is 10 (base 11) in base 7?
14
What is -10 (base 6) in base 13?
-6
1213 (base 4) to base 16
67
-55 (base 6) to base 3
-1022
Convert 93 (base 10) to base 13.
72
Convert -11 (base 2) to base 6.
-3
Convert 21 (base 13) to base 4.
123
10000 (base 2) to base 9
17
Convert -1a (base 11) to base 9.
-23
4 (base 9) to base 15
4
2 (base 16) to base 12
2
-1 (base 16) to base 8
-1
Convert -1034 (base 5) to base 14.
-a4
Convert -8 (base 12) to base 14.
-8
-17 (base 11) to base 6
-30
Convert 1 (base 10) to base 8.
1
Convert -117 (base 10) to base 12.
-99
What is 4 (base 6) in base 15?
4
4 (base 14) to base 10
4
-2 (base 13) to base 15
-2
What is -17 (base 9) in base 7?
-22
0 (base 2) to base 8
0
Convert 63 (base 13) to base 14.
5b
What is -75 (base 14) in base 4?
-1213
1010010 (base 2) to base 4
1102
What is -1 (base 14) in base 9?
-1
112 (base 4) to base 14
18
Convert 111 (base 8) to base 2.
1001001
Convert -31 (base 5) to base 9.
-17
What is 18 (base 14) in base 6?
34
-4 (base 12) to base 3
-11
-113 (base 9) to base 12
-79
Convert 19a (base 12) to base 4.
10012
-50 (base 15) to base 16
-4b
What is -28 (base 10) in base 12?
-24
Convert 100 (base 2) to base 11.
4
What is -13 (base 10) in base 4?
-31
57 (base 10) to base 2
111001
-2b (base 13) to base 8
-45
-223 (base 4) to base 16
-2b
-18 (base 16) to base 2
-11000
What is -11 (base 2) in base 5?
-3
Convert 33 (base 4) to base 15.
10
124 (base 5) to base 11
36
Convert -60 (base 9) to base 7.
-105
Convert -9 (base 12) to base 16.
-9
Convert -313 (base 5) to base 2.
-1010011
-143 (base 8) to base 3
-10200
-4 (base 14) to base 16
-4
What is 1012 (base 3) in base 13?
26
What is 30 (base 11) in base 10?
33
What is 5 (base 14) in base 8?
5
What is -b2 (base 14) in base 5?
-1111
What is 187 (base 10) in base 5?
1222
-212 (base 7) to base 11
-98
11100 (base 2) to base 15
1d
Convert 3 (base 4) to base 2.
11
Convert 2 (base 5) to base 15.
2
1 (base 9) to base 5
1
-102 (base 14) to base 15
-d3
25 (base 10) to base 7
34
11 (base 2) to base 5
3
What is -3212 (base 4) in base 9?
-275
Convert 2 (base 16) to base 6.
2
-8 (base 10) to base 11
-8
What is 10001101 (base 2) in base 14?
a1
42 (base 5) to base 13
19
What is 12 (base 5) in base 12?
7
What is -54 (base 16) in base 15?
-59
-10 (base 5) to base 9
-5
What is a (base 11) in base 3?
101
Convert 0 (base 15) to base 13.
0
Convert 0 (base 9) to base 5.
0
Convert -263 (base 7) to base 2.
-10001111
What is 1 (base 15) in base 5?
1
Convert 313 (base 4) to base 10.
55
What is 10332 (base 4) in base 12?
226
What is -4 (base 12) in base 6?
-4
51 (base 11) to base 14
40
-20 (base 3) to base 8
-6
14 (base 6) to base 9
11
What is -46 (base 9) in base 3?
-1120
10111 (base 2) to base 13
1a
0 (base 4) to base 2
0
90 (base 10) to base 2
1011010
What is 2 (base 3) in base 16?
2
What is 176 (base 9) in base 3?
12120
1 (base 13) to base 4
1
-1 (base 2) to base 11
-1
What is -3b (base 13) in base 6?
-122
10 (base 6) to base 5
11
4 (base 8) to base 15
4
What is -3 (base 12) in base 10?
-3
Convert -24 (base 5) to base 3.
-112
-d5 (base 14) to base 2
-1011